 b(w) = -2*w - 33. Calculate b(-9).
-15
Let m(h) = -h**3 - 6*h**2 - 6*h - 3. Calculate m(-5).
2
Let n(k) = -k**2 + 15*k - 61. Calculate n(12).
-25
Let u(a) = -a**3 + 20*a**2 - 18*a + 9. Calculate u(19).
28
Let s(z) = -4*z + 6. Give s(-1).
10
Let z(q) = q**2 + 21*q - 125. Calculate z(-24).
-53
Let r(i) = -i**2 - 36*i - 91. Give r(-33).
8
Let n(d) = d**3 + 4*d**2 - 13*d - 46. Give n(-4).
6
Let g(p) = p**2 - 11*p + 2. Determine g(10).
-8
Let g(s) = -s**2 - 5*s + 1. Determine g(-7).
-13
Let l(s) = -s - 4. Calculate l(4).
-8
Let p(n) = n + 7. What is p(-16)?
-9
Let m(u) = -5*u + 17. Calculate m(6).
-13
Let a(w) = -7*w - 2. Give a(8).
-58
Let f(o) = o**3 + 4*o**2 - 51*o - 153. What is f(-8)?
-1
Let j(q) = -3*q**2 - 25*q + 32. Calculate j(-10).
-18
Let a(u) = u**3 + 2*u**2 + 4*u + 2. Give a(-1).
-1
Let g(p) = -18*p + 38. What is g(8)?
-106
Let t(l) = -l**3 - 12*l**2 - 24*l + 16. Determine t(-3).
7
Let w(h) = h**2 + 9*h - 58. Determine w(4).
-6
Let p(b) = -b**2 - 12*b + 9. What is p(-13)?
-4
Let p(l) = 2*l**3 - 2*l**2 - l - 30. Determine p(0).
-30
Let s(q) = 6*q + 9. Calculate s(-7).
-33
Let u(i) = 8*i - 19. Give u(3).
5
Let g(j) = -9*j**2 + 2. Give g(1).
-7
Let c(j) = -2*j + 16. Give c(0).
16
Let n(t) = t**2 - 16*t + 34. Give n(11).
-21
Let v(l) = -2*l**2 - 20*l - 69. Give v(-6).
-21
Let d(z) = -5*z + 53. What is d(12)?
-7
Let g(i) = -2*i**2 - 18. Determine g(0).
-18
Let c(k) = -40*k - 393. Determine c(-9).
-33
Let f(t) = t**2 + 22*t + 70. Calculate f(-18).
-2
Let g(n) = -2*n**3 - 6*n**2 + n + 6. Calculate g(-3).
3
Let x(y) = y + 1. Calculate x(3).
4
Let u(c) = -5*c + 173. Give u(30).
23
Let b(m) = -m + 6. Determine b(-10).
16
Let n(x) = 54*x**3 - x + 1. Give n(1).
54
Let c(g) = -3*g + 6. Give c(4).
-6
Let a(p) = -3*p + 9. Determine a(4).
-3
Let p(y) = -2*y + 1. Calculate p(1).
-1
Let j(t) = -t**2 - 2*t - 1. Calculate j(-4).
-9
Let s(r) = -25*r - 127. Calculate s(-5).
-2
Let k(o) = o**2 + 7*o - 110. Calculate k(8).
10
Let j(t) = -t**2 - 34*t - 21. Give j(-33).
12
Let b(y) = -13*y + 246. What is b(19)?
-1
Let v(q) = -4*q**2 + 127*q + 25. Give v(32).
-7
Let m(f) = -2*f**3 + 16*f**2 + 6. Calculate m(8).
6
Let c(r) = r**2 - 7*r + 7. What is c(8)?
15
Let s(c) = c**3 - 7*c**2 + 10*c - 15. What is s(5)?
-15
Let n(s) = s**3 - 9*s**2 - 7*s + 37. Determine n(9).
-26
Let r(m) = -m**3 - 7*m**2 - m - 2. Calculate r(-7).
5
Let t(a) = -a**3 + 3*a**2 + 3*a - 5. Calculate t(4).
-9
Let t(m) = -2*m**3 + 2*m**2 + m - 2. What is t(2)?
-8
Let h(n) = -7*n + 42. Calculate h(7).
-7
Let c(a) = -a**3 + 9*a**2 - 10*a - 5. Calculate c(9).
-95
Let j(t) = 2*t - 18. Give j(8).
-2
Let s(t) = -2*t**2 + 16*t + 11. Determine s(10).
-29
Let f(j) = -2*j + 7. Calculate f(-11).
29
Let c(h) = 64*h + 2. What is c(0)?
2
Let s(o) = -o**2 + 7*o + 32. Determine s(13).
-46
Let c(w) = 37*w + 8. Determine c(2).
82
Let a(r) = -r**2 + 12*r + 189. Calculate a(21).
0
Let f(g) = -3*g + 12. What is f(6)?
-6
Let x(g) = -7*g + 22. What is x(3)?
1
Let h(o) = -2*o - 13. What is h(-7)?
1
Let r(v) = -6*v - 42. What is r(-7)?
0
Let g(f) = -11*f - 10. Calculate g(-4).
34
Let s(r) = r**3 + 3*r**2 + 4*r - 2. What is s(-4)?
-34
Let d(n) = -n**3 + 6*n**2 + 7*n - 1. What is d(7)?
-1
Let o(p) = -p**3 - 6*p**2 - p + 3. What is o(-6)?
9
Let r(c) = 38*c + 3. Calculate r(1).
41
Let j(o) = 2*o**2 - 8*o + 1. Determine j(6).
25
Let q(a) = 3*a**3 - 32*a**2 - 13*a + 29. Give q(11).
7
Let q(p) = 12*p + 13. What is q(4)?
61
Let c(d) = -2*d**3 + 7*d**2 + 11*d - 3. Give c(5).
-23
Let s(f) = -f**2 + 7*f - 7. Give s(6).
-1
Let g(d) = d**3 - 19*d**2 - 17*d - 50. Determine g(20).
10
Let k(p) = -p**2 - 22*p - 36. Give k(-20).
4
Let f(q) = -14*q + 7. Determine f(6).
-77
Let b(p) = -18*p**2 - 395*p + 28. Give b(-22).
6
Let n(u) = u**3 - 15*u**2 - 19*u + 7. Calculate n(16).
-41
Let k(h) = 12*h + 6. What is k(-3)?
-30
Let b(d) = -2*d + 4. Give b(5).
-6
Let l(i) = i**3 + 4*i**2 - 3*i - 4. Determine l(-4).
8
Let y(z) = -z**2 - 3*z + 1. Give y(4).
-27
Let z(i) = -i**2 + 8*i - 15. Give z(6).
-3
Let w(x) = -x**3 + 4*x**2 + 10*x + 9. What is w(6)?
-3
Let l(r) = 7*r - 33. Give l(6).
9
Let p(h) = -6*h**3 + 8*h**2 - 5*h - 2. Give p(1).
-5
Let n(v) = v**3 + 12*v**2 + 34*v + 3. Determine n(-6).
15
Let s(g) = 37*g**3. Give s(1).
37
Let b(c) = -c - 13. Give b(0).
-13
Let h(q) = q**3 + 9*q**2 - 9*q - 1. Determine h(-10).
-11
Let r(h) = -h - 16. Calculate r(7).
-23
Let u(f) = f**3 - 4*f**2 - 49*f + 61. Give u(-6).
-5
Let i(h) = h**3 - 22*h**2 + 6*h - 113. Determine i(22).
19
Let m(i) = -i**2 + 12*i + 21. Give m(14).
-7
Let p(b) = -5*b - 20. What is p(-5)?
5
Let f(j) = -j**2 - 11*j - 1. Determine f(-9).
17
Let t(g) = -g**2 - 23*g + 75. Determine t(3).
-3
Let o(v) = v**2 + 11*v + 2. Give o(-6).
-28
Let p(h) = h**2 - 21*h + 103. What is p(14)?
5
Let a(q) = -q**3 - q - 7. Determine a(-2).
3
Let v(h) = h**3 + 10*h**2 - 23*h - 30. What is v(-12)?
-42
Let b(m) = -42*m - 14. Give b(0).
-14
Let t(m) = m**3 + 2*m**2 + 4*m + 28. Give t(-4).
-20
Let k(m) = -m**3 + m**2 + m - 24. Determine k(0).
-24
Let h(f) = f + 8. Give h(-5).
3
Let g(i) = -i**3 - 37*i**2 - i - 36. Give g(-37).
1
Let v(a) = -6*a**2 - 1. Calculate v(-1).
-7
Let l(t) = 7*t - 1. Give l(1).
6
Let v(q) = -q - 1. Determine v(3).
-4
Let y(u) = u**3 - 2*u**2 + 8*u - 39. Determine y(3).
-6
Let a(j) = -j**3 - 9*j**2 - 13*j + 6. Determine a(-7).
-1
Let x(b) = 15*b**2 + 4*b + 5. Determine x(-2).
57
Let k(w) = w**3 - 27*w**2 - 57*w - 43. Determine k(29).
-14
Let z(r) = 5*r + 31. Give z(-8).
-9
Let b(z) = -z**3 + 20*z**2 + z - 31. Calculate b(20).
-11
Let c(x) = -x**2 + 3*x - 3. Determine c(6).
-21
Let j(h) = 7*h - 64. What is j(10)?
6
Let u(m) = -2*m**2 + 3*m + 6. Calculate u(4).
-14
Let u(r) = -10*r + 137. Calculate u(14).
-3
Let u(j) = -8*j + 3. Determine u(0).
3
Let z(v) = v - 31. What is z(24)?
-7
Let f(p) = -p**3 - 9*p**2 - 3*p + 29. What is f(-7)?
-48
Let l(q) = -4*q + 22. What is l(5)?
2
Let b(u) = -4*u + 15. What is b(-15)?
75
Let k(w) = w**2 + 12*w + 28. What is k(-6)?
-8
Let w(r) = -11*r - 84. Calculate w(-7).
-7
Let r(t) = t**3 + 12*t**2 + 2*t - 2. Determine r(-12).
-26
Let m(p) = -p**3 - 3*p**2 - p - 4. Calculate m(-3).
-1
Let s(d) = 5*d + 8. Give s(-5).
-17
Let f(d) = 5*d - 40. Determine f(8).
0
Let b(u) = -u**3 - 22*u**2 + 22*u + 14. Determine b(-23).
37
Let c(z) = -z**2 - 2*z + 3. Determine c(-4).
-5
Let r(u) = -3*u - 7. Give r(-6).
11
Let a(l) = l**2 - 5*l - 18. Give a(-2).
-4
Let j(t) = -3*t**2 - 3*t - 3. What is j(-2)?
-9
Let z(x) = -x - 2. Calculate z(-4).
2
Let i(w) = -w**2 - 10*w - 10. Give i(-7).
11
Let p(m) = -4*m**2 - m - 1. What is p(3)?
-40
Let n(f) = -3*f - 1. Give n(7).
-22
Let p(n) = n**2 + 2*n. What is p(5)?
35
Let k(g) = 22*g - 3. Calculate k(-1).
-25
Let h(k) = 2*k**2 - 59*k + 60. Calculate h(28).
-24
Let b(x) = -3*x**2 - 24*x - 5. Give b(-8).
-5
Let a(f) = -f + 14. Determine a(19).
-5
Let s(l) = -l - 18. Give s(-18).
0
Let i(g) = -g**2 + 42*g - 78. Give i(40).
2
Let v(l) = 2*l**2 - 5*l - 3. Calculate v(4).
9
Let n(f) = f**3 + 12*f**2 + 22*f + 18. What is n(-10)?
-2
Let l(w) = -2*w - 16. Calculate l(-6).
-4
Let v(b) = 3*b**2 + 3*b + 2. Give v(-2).
8
Let x(w) = 2*w**2 - 12*w - 18. Determine x(9).
36
Let f(s) = -2*s**2 + 15*s + 7. What is f(8)?
-1
Let f(p) = p**3 - p**2 + p - 6. What is f(0)?
-6
Let k(u) = 2*u**2 - 17*u + 20. Determine k(10).
50
Let n(i) = -123*i**2 + 2*i - 3. Determine n(1).
-124
Let a(d) = d**3 - 6*d**2 + 3*d + 1. Give a(6).
19
Let f(a) = -a**2 + 7*a + 1. Give f(5).
11
Let v(w) = -71*w - 998. Give v(-14).
-4
Let s(j) = -3*j - 10. What is s(-4)?
2
Let y(q) = -5*q - 85. What is y(-24)?
35
Let g(w) = -2*w**3 + 4*w**2 - 4*w + 2. Determine g(2).
-6
Let n(k) = -k**3 + 4*k**2 - 13*k + 35. Calculate n(3).
5
Let y(z) = -z**2 - 40*z + 87. What is y(-43)?
-42
Let g(l) = -l**2 - l + 3. What is g(0)?
3
Let h(y) = -2*y + 3. Determine h(-14).
31
Let n(z) = z**3 + 34*z**2 + z + 27. What is n(-34)?
-7
Let f(l) = -2*l**2 - 7*l + 4. Calculate f(-5).
-11
Let c(n) = n**3 - 7*n**2 - 22*n + 16. Calculate c(9).
-20
Let h(c) = 8*c**2. Give h(-1).
8
Let v(h) = -2*h**2 + 6*h + 43. Give v(8).
-37
Let b(n) = -n**2 + 22*n - 91. Give b(8).
21
Let h(o) = -o**2 + 8*o + 14. What is h(8)?
14
Let m(x) = -x + 1. What is m(3)?
-2
Let o(h) = h**2 - h + 6. Determine o(4).
18
Let f(s) = -s**3 - 18*